git of 1140202467?
4
What is the thousands digit of 290217143?
7
What is the hundreds digit of 161141282?
2
What is the thousands digit of 543423535?
3
What is the hundred thousands digit of 1226379109?
3
What is the hundred thousands digit of 135490040?
4
What is the millions digit of 77999499?
7
What is the millions digit of 119749574?
9
What is the millions digit of 120249034?
0
What is the ten millions digit of 93053652?
9
What is the hundred thousands digit of 465114188?
1
What is the hundred thousands digit of 56427622?
4
What is the tens digit of 3771764905?
0
What is the units digit of 198161816?
6
What is the hundreds digit of 33604400?
4
What is the hundreds digit of 968116942?
9
What is the millions digit of 652150961?
2
What is the hundreds digit of 225494404?
4
What is the hundreds digit of 587135577?
5
What is the millions digit of 3356718005?
6
What is the hundred thousands digit of 680437792?
4
What is the thousands digit of 419845792?
5
What is the units digit of 361321787?
7
What is the millions digit of 1965561698?
5
What is the millions digit of 80078724?
0
What is the millions digit of 10218928?
0
What is the hundred thousands digit of 322675928?
6
What is the thousands digit of 195726186?
6
What is the hundred thousands digit of 58059910?
0
What is the hundreds digit of 33193878?
8
What is the tens digit of 16830568?
6
What is the billions digit of 2770489137?
2
What is the ten millions digit of 105494326?
0
What is the hundred thousands digit of 211450081?
4
What is the ten thousands digit of 184491171?
9
What is the units digit of 196246590?
0
What is the tens digit of 43617845?
4
What is the units digit of 977203523?
3
What is the ten millions digit of 23065163?
2
What is the ten thousands digit of 77449252?
4
What is the units digit of 16310016?
6
What is the hundreds digit of 145052010?
0
What is the hundreds digit of 1054828358?
3
What is the hundred millions digit of 8050936251?
0
What is the ten millions digit of 230528670?
3
What is the thousands digit of 551354936?
4
What is the hundreds digit of 1330202174?
1
What is the ten thousands digit of 59025037?
2
What is the hundred millions digit of 550466395?
5
What is the millions digit of 537640604?
7
What is the ten thousands digit of 6097552103?
5
What is the hundreds digit of 44519049?
0
What is the thousands digit of 668849177?
9
What is the millions digit of 4274189307?
4
What is the hundred thousands digit of 74497824?
4
What is the hundred thousands digit of 3512523526?
5
What is the hundreds digit of 14963906?
9
What is the hundreds digit of 129941594?
5
What is the units digit of 158941576?
6
What is the hundred thousands digit of 148625355?
6
What is the thousands digit of 227981214?
1
What is the hundred thousands digit of 1229711833?
7
What is the ten thousands digit of 17663444?
6
What is the hundred thousands digit of 78004862?
0
What is the tens digit of 114529399?
9
What is the ten millions digit of 14628923?
1
What is the thousands digit of 242319650?
9
What is the ten thousands digit of 180010325?
1
What is the units digit of 4173846820?
0
What is the tens digit of 473680233?
3
What is the ten millions digit of 85814972?
8
What is the ten thousands digit of 584373256?
7
What is the hundred thousands digit of 2080327527?
3
What is the billions digit of 1173599654?
1
What is the hundred thousands digit of 2128018999?
0
What is the thousands digit of 44269078?
9
What is the hundred thousands digit of 19402715?
4
What is the tens digit of 1282816466?
6
What is the millions digit of 50908589?
0
What is the hundred thousands digit of 361051964?
0
What is the thousands digit of 73884553?
4
What is the millions digit of 40285223?
0
What is the tens digit of 7771076894?
9
What is the ten thousands digit of 184089112?
8
What is the millions digit of 4977789834?
7
What is the thousands digit of 11343152?
3
What is the hundred thousands digit of 159199302?
1
What is the ten thousands digit of 332758280?
5
What is the hundreds digit of 917767368?
3
What is the units digit of 364026304?
4
What is the units digit of 189837988?
8
What is the ten millions digit of 185889993?
8
What is the units digit of 934632?
2
What is the ten millions digit of 915822242?
1
What is the hundred thousands digit of 549849404?
8
What is the hundred thousands digit of 567047465?
0
What is the ten thousands digit of 2139878948?
7
What is the tens digit of 30555709?
0
What is the hundred thousands digit of 1538799?
5
What is the millions digit of 43285149?
3
What is the ten thousands digit of 59795959?
9
What is the millions digit of 61815587?
1
What is the thousands digit of 475527067?
7
What is the ten millions digit of 318921311?
1
What is the tens digit of 847494822?
2
What is the ten millions digit of 149029073?
4
What is the hundred millions digit of 1494707249?
4
What is the ten thousands digit of 100760047?
6
What is the tens digit of 105252486?
8
What is the hundred thousands digit of 760331985?
3
What is the hundreds digit of 3775444951?
9
What is the hundred millions digit of 221996019?
2
What is the billions digit of 4374252339?
4
What is the billions digit of 1290263907?
1
What is the hundreds digit of 1759614242?
2
What is the ten thousands digit of 58499651?
9
What is the ten millions digit of 59066750?
5
What is the units digit of 651879679?
9
What is the ten millions digit of 93967072?
9
What is the ten thousands digit of 333246818?
4
What is the millions digit of 4955062290?
5
What is the units digit of 198810114?
4
What is the hundreds digit of 680820151?
1
What is the hundred millions digit of 1269616820?
2
What is the ten thousands digit of 935327274?
2
What is the hundred thousands digit of 46812652?
8
What is the ten millions digit of 224853984?
2
What is the billions digit of 1292770977?
1
What is the ten millions digit of 76655721?
7
What is the tens digit of 65670249?
4
What is the ten thousands digit of 59416543?
1
What is the ten thousands digit of 391990250?
9
What is the thousands digit of 143835148?
5
What is the hundred millions digit of 1055938291?
0
What is the ten millions digit of 87306076?
8
What is the ten millions digit of 24335386?
2
What is the units digit of 2819349431?
1
What is the hundred thousands digit of 476829713?
8
What is the billions digit of 1585400069?
1
What is the units digit of 578175069?
9
What is the thousands digit of 94151080?
1
What is the hundred millions digit of 7154118156?
1
What is the thousands digit of 30414118?
4
What is the hundred thousands digit of 3425834879?
8
What is the thousands digit of 379644372?
4
What is the millions digit of 175544184?
5
What is the units digit of 14560355?
5
What is the hundred millions digit of 2249998578?
2
What is the units digit of 975414499?
9
What is the millions digit of 1331237567?
1
What is the units digit of 58958345?
5
What is the millions digit of 970997178?
0
What is the hundreds digit of 890156899?
8
What is the thousands digit of 592293063?
3
What is the hundred millions digit of 152195797?
1
What is the billions digit of 3818781445?
3
What is the billions digit of 1528039091?
1
What is the ten millions digit of 1415218796?
1
What is the units digit of 1027734010?
0
What is the hundred millions digit of 481309242?
4
What is the units digit of 2160071294?
4
What is the ten millions digit of 287659398?
8
What is the millions digit of 1744085220?
4
What is the thousands digit of 3087271499?
1
What is the ten millions digit of 437638636?
3
What is the thousands digit of 3055254?
5
What is the hundreds digit of 99493386?
3
What is the millions digit of 336702017?
6
What is the hundreds digit of 305008412?
4
What is the hundred thousands digit of 511223717?
2
What is the hundred millions digit of 1327466965?
3
What is the hundred millions digit of 1790668328?
7
What is the hundred thousands digit of 10116763?
1
What is the ten millions digit of 11498655?
1
What is the units digit of 92481908?
8
What is the thousands digit of 228353649?
3
What is the hundreds digit of 487356193?
1
What is the millions digit of 1008106900?
8
What is the millions digit of 48031957?
8
What is the thousands digit of 4498648479?
8
What is the hundred millions digit of 2583526840?
5
What is the t